{"id":529,"date":"2020-04-18T20:16:18","date_gmt":"2020-04-18T18:16:18","guid":{"rendered":"http:\/\/funkcionalnavadba.splet.arnes.si\/?page_id=529"},"modified":"2023-01-29T17:38:19","modified_gmt":"2023-01-29T16:38:19","slug":"anatomija-delovanje-posameznih-sistemov","status":"publish","type":"page","link":"https:\/\/funkcionalnavadba.splet.arnes.si\/?page_id=529","title":{"rendered":"Anatomija \/ delovanje sistemov"},"content":{"rendered":"<p><strong>\u010cLOVE\u0160KO TELO:<br \/>\n<\/strong>V obliki animacije, je predstavljena anatomija in fiziologija \u010dlove\u0161kega telesa. Stran je v angle\u0161kem jeziku.<\/p>\n<ul>\n<li><a href=\"http:\/\/anatomyzone.com\/3d_atlas\/\" target=\"_blank\" rel=\"noopener noreferrer\">ANATOMIJA IN FIZIOLOGIJA TELESA <\/a>(povzeto po <a href=\"https:\/\/anatomyzone.com\/\" target=\"_blank\" rel=\"noopener\">anatomyzone.com<\/a>)<\/li>\n<\/ul>\n<p>Spodnje predstavitve so povzete po: <a href=\"https:\/\/www.mozaweb.com\/sl\/\" target=\"_blank\" rel=\"noopener noreferrer\">www.mozaweb.com<\/a><\/p>\n<p><strong>OKO<\/strong><\/p>\n<div style=\"width: 978px;\" class=\"wp-video\"><video class=\"wp-video-shortcode\" id=\"video-529-1\" width=\"978\" height=\"604\" preload=\"metadata\" controls=\"controls\"><source type=\"video\/mp4\" src=\"http:\/\/funkcionalnavadba.splet.arnes.si\/files\/2020\/04\/oko.mp4?_=1\" \/><a href=\"http:\/\/funkcionalnavadba.splet.arnes.si\/files\/2020\/04\/oko.mp4\">http:\/\/funkcionalnavadba.splet.arnes.si\/files\/2020\/04\/oko.mp4<\/a><\/video><\/div>\n<p><strong>UHO<\/strong><\/p>\n<div style=\"width: 978px;\" class=\"wp-video\"><video class=\"wp-video-shortcode\" id=\"video-529-2\" width=\"978\" height=\"604\" preload=\"metadata\" controls=\"controls\"><source type=\"video\/mp4\" src=\"http:\/\/funkcionalnavadba.splet.arnes.si\/files\/2020\/04\/uho.mp4?_=2\" \/><a href=\"http:\/\/funkcionalnavadba.splet.arnes.si\/files\/2020\/04\/uho.mp4\">http:\/\/funkcionalnavadba.splet.arnes.si\/files\/2020\/04\/uho.mp4<\/a><\/video><\/div>\n<p><strong>NOS<\/strong><\/p>\n<div style=\"width: 974px;\" class=\"wp-video\"><video class=\"wp-video-shortcode\" id=\"video-529-3\" width=\"974\" height=\"608\" preload=\"metadata\" controls=\"controls\"><source type=\"video\/mp4\" src=\"http:\/\/funkcionalnavadba.splet.arnes.si\/files\/2020\/04\/nos.mp4?_=3\" \/><a href=\"http:\/\/funkcionalnavadba.splet.arnes.si\/files\/2020\/04\/nos.mp4\">http:\/\/funkcionalnavadba.splet.arnes.si\/files\/2020\/04\/nos.mp4<\/a><\/video><\/div>\n<p><strong>TVORBA GLASU<\/strong><\/p>\n<div style=\"width: 978px;\" class=\"wp-video\"><video class=\"wp-video-shortcode\" id=\"video-529-4\" width=\"978\" height=\"604\" preload=\"metadata\" controls=\"controls\"><source type=\"video\/mp4\" src=\"http:\/\/funkcionalnavadba.splet.arnes.si\/files\/2020\/04\/tvorba_glasu.mp4?_=4\" \/><a href=\"http:\/\/funkcionalnavadba.splet.arnes.si\/files\/2020\/04\/tvorba_glasu.mp4\">http:\/\/funkcionalnavadba.splet.arnes.si\/files\/2020\/04\/tvorba_glasu.mp4<\/a><\/video><\/div>\n<p><strong>DIHALA<\/strong><\/p>\n<div style=\"width: 978px;\" class=\"wp-video\"><video class=\"wp-video-shortcode\" id=\"video-529-5\" width=\"978\" height=\"604\" preload=\"metadata\" controls=\"controls\"><source type=\"video\/mp4\" src=\"http:\/\/funkcionalnavadba.splet.arnes.si\/files\/2020\/04\/dihala.mp4?_=5\" \/><a href=\"http:\/\/funkcionalnavadba.splet.arnes.si\/files\/2020\/04\/dihala.mp4\">http:\/\/funkcionalnavadba.splet.arnes.si\/files\/2020\/04\/dihala.mp4<\/a><\/video><\/div>\n<p><strong>SRCE<\/strong><\/p>\n<div style=\"width: 978px;\" class=\"wp-video\"><video class=\"wp-video-shortcode\" id=\"video-529-6\" width=\"978\" height=\"604\" preload=\"metadata\" controls=\"controls\"><source type=\"video\/mp4\" src=\"http:\/\/funkcionalnavadba.splet.arnes.si\/files\/2021\/03\/srce.mp4?_=6\" \/><a href=\"http:\/\/funkcionalnavadba.splet.arnes.si\/files\/2021\/03\/srce.mp4\">http:\/\/funkcionalnavadba.splet.arnes.si\/files\/2021\/03\/srce.mp4<\/a><\/video><\/div>\n<p><strong>KRVNI OBTOK<\/strong><\/p>\n<div style=\"width: 978px;\" class=\"wp-video\"><video class=\"wp-video-shortcode\" id=\"video-529-7\" width=\"978\" height=\"604\" preload=\"metadata\" controls=\"controls\"><source type=\"video\/mp4\" src=\"http:\/\/funkcionalnavadba.splet.arnes.si\/files\/2020\/04\/krvni_obtok.mp4?_=7\" \/><a href=\"http:\/\/funkcionalnavadba.splet.arnes.si\/files\/2020\/04\/krvni_obtok.mp4\">http:\/\/funkcionalnavadba.splet.arnes.si\/files\/2020\/04\/krvni_obtok.mp4<\/a><\/video><\/div>\n<p><strong>HRBTENJA\u010cA<\/strong><\/p>\n<div style=\"width: 978px;\" class=\"wp-video\"><video class=\"wp-video-shortcode\" id=\"video-529-8\" width=\"978\" height=\"604\" preload=\"metadata\" controls=\"controls\"><source type=\"video\/mp4\" src=\"http:\/\/funkcionalnavadba.splet.arnes.si\/files\/2020\/04\/hrbtenjaca.mp4?_=8\" \/><a href=\"http:\/\/funkcionalnavadba.splet.arnes.si\/files\/2020\/04\/hrbtenjaca.mp4\">http:\/\/funkcionalnavadba.splet.arnes.si\/files\/2020\/04\/hrbtenjaca.mp4<\/a><\/video><\/div>\n<p><strong>LIMFNI SISTEM<\/strong><\/p>\n<div style=\"width: 978px;\" class=\"wp-video\"><video class=\"wp-video-shortcode\" id=\"video-529-9\" width=\"978\" height=\"604\" preload=\"metadata\" controls=\"controls\"><source type=\"video\/mp4\" src=\"http:\/\/funkcionalnavadba.splet.arnes.si\/files\/2020\/04\/limfni_sistem.mp4?_=9\" \/><a href=\"http:\/\/funkcionalnavadba.splet.arnes.si\/files\/2020\/04\/limfni_sistem.mp4\">http:\/\/funkcionalnavadba.splet.arnes.si\/files\/2020\/04\/limfni_sistem.mp4<\/a><\/video><\/div>\n<p><strong>\u017dIV\u010cEVJE<\/strong><\/p>\n<div style=\"width: 978px;\" class=\"wp-video\"><video class=\"wp-video-shortcode\" id=\"video-529-10\" width=\"978\" height=\"604\" preload=\"metadata\" controls=\"controls\"><source type=\"video\/mp4\" src=\"http:\/\/funkcionalnavadba.splet.arnes.si\/files\/2020\/04\/zivcevje.mp4?_=10\" \/><a href=\"http:\/\/funkcionalnavadba.splet.arnes.si\/files\/2020\/04\/zivcevje.mp4\">http:\/\/funkcionalnavadba.splet.arnes.si\/files\/2020\/04\/zivcevje.mp4<\/a><\/video><\/div>\n","protected":false},"excerpt":{"rendered":"<p>\u010cLOVE\u0160KO TELO: V obliki animacije, je predstavljena anatomija in fiziologija \u010dlove\u0161kega telesa. Stran je v angle\u0161kem jeziku. ANATOMIJA IN FIZIOLOGIJA TELESA (povzeto po anatomyzone.com) Spodnje predstavitve so povzete po: www.mozaweb.com OKO UHO NOS TVORBA&#46;&#46;&#46;<\/p>\n","protected":false},"author":16119,"featured_media":0,"parent":0,"menu_order":2,"comment_status":"closed","ping_status":"closed","template":"","meta":{"ngg_post_thumbnail":0,"footnotes":""},"class_list":["post-529","page","type-page","status-publish","hentry"],"_links":{"self":[{"href":"https:\/\/funkcionalnavadba.splet.arnes.si\/index.php?rest_route=\/wp\/v2\/pages\/529","targetHints":{"allow":["GET"]}}],"collection":[{"href":"https:\/\/funkcionalnavadba.splet.arnes.si\/index.php?rest_route=\/wp\/v2\/pages"}],"about":[{"href":"https:\/\/funkcionalnavadba.splet.arnes.si\/index.php?rest_route=\/wp\/v2\/types\/page"}],"author":[{"embeddable":true,"href":"https:\/\/funkcionalnavadba.splet.arnes.si\/index.php?rest_route=\/wp\/v2\/users\/16119"}],"replies":[{"embeddable":true,"href":"https:\/\/funkcionalnavadba.splet.arnes.si\/index.php?rest_route=%2Fwp%2Fv2%2Fcomments&post=529"}],"version-history":[{"count":12,"href":"https:\/\/funkcionalnavadba.splet.arnes.si\/index.php?rest_route=\/wp\/v2\/pages\/529\/revisions"}],"predecessor-version":[{"id":1248,"href":"https:\/\/funkcionalnavadba.splet.arnes.si\/index.php?rest_route=\/wp\/v2\/pages\/529\/revisions\/1248"}],"wp:attachment":[{"href":"https:\/\/funkcionalnavadba.splet.arnes.si\/index.php?rest_route=%2Fwp%2Fv2%2Fmedia&parent=529"}],"curies":[{"name":"wp","href":"https:\/\/api.w.org\/{rel}","templated":true}]}}